*k - 173867. Calculate q(-12).
217
Let u(r) = 12342*r + 135655. What is u(-11)?
-107
Let a(q) = q**2 + 660996*q + 660997. What is a(-1)?
2
Let q(w) = 2*w**3 + 4*w**2 + 28*w + 343. Determine q(-9).
-1043
Let f(z) = -1212*z**3 - 9*z**2 + 11*z - 2. Determine f(1).
-1212
Let v(y) = -y**3 - 73*y**2 + 11*y - 29. Give v(0).
-29
Let n(k) = 7248*k + 79712. What is n(-11)?
-16
Let q(b) = 4*b**2 + 8660*b - 69481. What is q(8)?
55
Let m(s) = 29*s**2 - 73*s - 161. What is m(-4)?
595
Let b(q) = 134*q + 1582. Determine b(-7).
644
Let w(s) = 742*s + 14829. What is w(-20)?
-11
Let c(l) = 2*l**3 - l**2 - 365*l - 2651. Calculate c(-16).
-5259
Let b(f) = -2*f**3 - 416*f**2 + 9*f + 1804. What is b(-208)?
-68
Let v(a) = 37*a**3 + 277*a**2 + 104*a - 36. What is v(-7)?
118
Let j(q) = 3*q**3 - 113*q**2 + 806*q - 26. What is j(29)?
1482
Let r(u) = 17*u - 1780. Give r(77).
-471
Let c(z) = 20*z**2 + 1642*z - 11431. What is c(7)?
1043
Let c(g) = 42333*g - 5757291. Give c(136).
-3
Let x(h) = 519*h + 48. Give x(-2).
-990
Let o(p) = p**2 + 470*p - 136630. Determine o(203).
-11
Let y(t) = -4*t**3 + 79*t**2 - 486*t + 8145. Determine y(19).
-6
Let q(m) = m**2 + 46*m - 1117. What is q(16)?
-125
Let j(i) = 2*i**2 - 830*i + 31296. Determine j(42).
-36
Let s(d) = -12*d**2 - 4445*d + 11576. Calculate s(-373).
13
Let w(c) = 8356*c - 200917. Determine w(24).
-373
Let t(o) = 1370*o - 1399. Determine t(1).
-29
Let q(y) = -y**3 - 17*y**2 + 188*y + 3008. What is q(-12)?
32
Let t(c) = -2*c**2 + 69*c + 2264. Calculate t(-22).
-222
Let y(f) = f**3 - 2*f**2 - 238*f + 642. Determine y(15).
-3
Let b(y) = 69*y**2 - 3*y + 5. Calculate b(-2).
287
Let v(h) = 124*h**2 - 11045*h - 34256. Calculate v(-3).
-5
Let m(p) = -2218*p + 2856778. Calculate m(1288).
-6
Let b(o) = -o**3 + 66*o**2 + 228*o - 1691. Calculate b(69).
-242
Let d(x) = 2*x**3 - 80*x**2 + 252*x - 779. Determine d(37).
331
Let j(u) = -7*u**2 + 245*u - 2237. Give j(19).
-109
Let h(d) = 34246*d + 6. Give h(0).
6
Let w(u) = -23*u**3 + 896*u**2 + 31*u + 351. What is w(39)?
39
Let n(l) = 674*l**2 + 456984*l + 8150. Calculate n(-678).
14
Let h(l) = 9*l**3 - 7*l**2 + 22*l - 2. What is h(5)?
1058
Let i(h) = -1998*h + 4084. Calculate i(2).
88
Let a(v) = 2*v**3 - 153*v**2 - 74*v - 52. Determine a(77).
179
Let p(h) = 451*h - 4046. Give p(9).
13
Let y(w) = 44*w - 381. Determine y(-12).
-909
Let x(f) = -f**3 + 127*f**2 + 3017*f - 35504. Determine x(146).
-26
Let l(y) = 3*y**3 + 29*y**2 + 1651*y + 16624. Give l(-10).
14
Let k(j) = -j**3 - 485*j**2 + 9048*j - 3401. Give k(-503).
-383
Let t(n) = -3*n**3 + 99*n**2 + 23*n - 794. Calculate t(33).
-35
Let z(p) = 1126*p - 79779. Give z(72).
1293
Let n(y) = 40*y**3 - 4*y**2 - 4*y - 4. What is n(-2)?
-332
Let z(p) = -6619*p + 2952029. What is z(446)?
-45
Let h(v) = 11*v**3 - 6*v**2 + 194*v + 384. Calculate h(-2).
-116
Let u(l) = 9491*l - 360919. Calculate u(38).
-261
Let r(m) = -70*m**3 + 5*m**2 - 12*m + 17. What is r(2)?
-547
Let o(g) = -1010*g**3 + 58*g**2 - 114*g - 8. What is o(2)?
-8084
Let i(x) = 86616*x - 260048. Calculate i(3).
-200
Let g(o) = 10*o**2 - 731*o + 50. Give g(73).
-23
Let h(q) = -445*q - 1450. Calculate h(-3).
-115
Let g(j) = 1641*j + 32755. Determine g(-20).
-65
Let y(f) = -44688*f + 8446024. What is y(189)?
-8
Let t(h) = 2538*h + 23280. What is t(-9)?
438
Let t(h) = -h**3 + 38*h**2 + 6*h - 1627. Determine t(37).
-36
Let d(j) = -1018*j - 80520. Determine d(-79).
-98
Let u(i) = -i**3 + 45*i**2 - 102*i + 5353. Give u(46).
-1455
Let p(z) = -812*z + 25162. What is p(31)?
-10
Let l(r) = 9664*r - 50021. Give l(5).
-1701
Let h(d) = -4*d**3 - 6*d**2 + 22*d - 7. Determine h(5).
-547
Let t(s) = s**3 - 435*s**2 + 439*s - 2305. Determine t(434).
-135
Let k(m) = -11180*m + 212412. What is k(19)?
-8
Let y(n) = 21839*n + 414910. Determine y(-19).
-31
Let y(t) = t**3 - 21*t**2 - 109. Calculate y(16).
-1389
Let g(s) = -4088*s + 629380. Calculate g(154).
-172
Let c(t) = -t**3 - 105*t**2 + 430*t - 785. Determine c(-109).
-131
Let y(f) = f**3 - 49*f**2 - 17*f - 1649. Determine y(50).
1
Let c(b) = -2*b**3 + 1776*b**2 + 3565*b + 4. Give c(-2).
-6
Let y(z) = -z**2 - 205*z + 4579. Determine y(-224).
323
Let o(k) = -50*k**3 - 15*k**2 + 91*k - 179. Determine o(2).
-457
Let t(p) = -1918*p + 113120. Give t(59).
-42
Let l(c) = -19*c**2 - 881*c - 454. Calculate l(-46).
-132
Let g(p) = 11489*p + 5514696. Calculate g(-480).
-24
Let j(i) = -72*i**2 - 176*i + 52. Determine j(-3).
-68
Let s(c) = 23923*c + 23827. Determine s(-1).
-96
Let z(q) = -q**3 - 11*q**2 + 101*q - 99. What is z(5)?
6
Let g(b) = 3*b**3 - 638*b**2 - 854*b - 303. Give g(214).
125
Let s(o) = o**3 - 10*o**2 - 41*o + 337. What is s(12)?
133
Let v(y) = -y**3 + 213*y**2 - 3151*y - 349. Calculate v(197).
-152
Let s(j) = -2725*j + 81752. Calculate s(30).
2
Let h(n) = -30*n**3 + 6089*n**2 + 203*n - 33. Calculate h(203).
-33
Let f(k) = 2158*k - 26305. Calculate f(12).
-409
Let f(t) = -390716*t + 1953668. Give f(5).
88
Let i(b) = -5*b**3 + 287*b**2 - 118*b - 223. Determine i(57).
-451
Let j(f) = -63158*f - 378944. What is j(-6)?
4
Let n(a) = -59606*a - 2801517. Calculate n(-47).
-35
Let c(x) = -2*x**2 - 469*x + 6444. Determine c(13).
9
Let b(q) = -q**3 + 43*q**2 - 80*q - 2251. What is b(-6)?
-7
Let n(o) = -847*o - 17931. Calculate n(-21).
-144
Let z(u) = 2950*u + 93975. Give z(-32).
-425
Let m(i) = -i**2 + 94*i + 795. Give m(85).
1560
Let m(n) = -n**3 + 11*n**2 - 92*n + 223. Give m(4).
-33
Let f(j) = -j**3 - 63*j**2 - 443*j - 653. Give f(-5).
112
Let q(a) = -a**2 + 71*a + 349. Calculate q(66).
679
Let v(r) = -60*r**3 - 3*r**2 - 330*r + 985. Determine v(3).
-1652
Let l(a) = 9131*a - 283063. Give l(31).
-2
Let q(t) = 1745*t - 1277. Calculate q(1).
468
Let r(p) = -9*p**2 + 472*p + 5222. What is r(-12)?
-1738
Let f(q) = 26*q**2 + 5281*q + 628. Give f(-203).
19
Let a(t) = 3028*t + 363444. Determine a(-120).
84
Let w(z) = 4282*z + 8237. What is w(-2)?
-327
Let s(f) = -f**2 + 22594*f - 676927. Determine s(30).
-7
Let v(o) = -17*o**2 + 869*o - 5251. Calculate v(7).
-1
Let d(y) = -35*y**3 - 13*y**2 + 73*y + 357. What is d(-5)?
4042
Let f(g) = 195*g - 3503. What is f(18)?
7
Let i(t) = -t**2 - 32*t + 17830. Determine i(-153).
-683
Let z(d) = -14*d**2 - 4277*d - 18726. What is z(-301)?
237
Let f(x) = 23*x**2 + 25*x + 4. Give f(6).
982
Let r(v) = -v**3 + 425*v**2 + 2193*v - 18469. Determine r(430).
21
Let s(k) = 7309*k - 7516. Determine s(1).
-207
Let g(t) = 962*t + 422325. Determine g(-439).
7
Let r(j) = -6337*j - 38879. What is r(-6)?
-857
Let a(y) = -3*y**2 + 396*y - 11863. Give a(86).
5
Let c(z) = 503*z + 48463. Determine c(-84).
6211
Let y(l) = -6631*l + 64269. Determine y(10).
-2041
Let u(y) = 6359*y - 133545. Calculate u(21).
-6
Let x(o) = 14606*o + 1387569. Calculate x(-95).
-1
Let z(d) = -11990*d + 83921. Calculate z(7).
-9
Let i(f) = 1742*f + 191584. Give i(-110).
-36
Let p(o) = o**3 + 69*o**2 + 292*o + 10589. Give p(-67).
3
Let k(j) = -67*j**2 - 9309*j + 395. Determine k(-139).
-161
Let f(g) = -368*g**2 + 532*g + 4. Determine f(0).
4
Let m(w) = -372*w + 394. Calculate m(0).
394
Let i(a) = -92*a**2 + 43*a + 2096. What is i(5)?
11
Let d(g) = 14*g**2 + 2673*g + 112828. Give d(-63).
-5
Let s(j) = 15*j**2 - 69*j - 264. What is s(-4)?
252
Let i(k) = 53*k**2 + 145*k - 77. Determine i(-3).
-35
Let a(y) = -6*y**3 - 79*y**2 - 213*y - 1548. Calculate a(-12).
0
Let d(q) = -18*q**2 - 6854*q + 34331. Determine d(5).
-389
Let f(z) = 41*z**3 - 11*z**2 + 39*z - 115. Determine f(3).
1010
Let x(v) = -1161*v - 70860. Calculate x(-61).
-39
Let i(w) = 521*w - 5681. Determine i(8).
-1513
Let h(d) = -d**3 - 123*d**2 + 545*d + 67025. Give h(-123).
-10
Let i(n) = 16595*n - 1443743. What is i(87)?
22
Let b(l) = -2*l**2 + 565*l - 3305. Give b(6).
13
Let m(z) = z**3 - 67*z**2 + 76*z + 3586. Determine m(65).
76
Let q(m) = 5*m**3 + 89*m**2 - 36*m - 185. Calculate q(-18).
139
Let n(r) = -759*r - 6004. Give n(-8).
68
Let k(s) = -4768316*s - 1. Give k(0).
-1
Let d(c) = 4*c**2 - 4694*c + 69475. Calculate d(15).
-35
Let m(h) = -h**3 + 43*h**2 + 513*h + 411. Determine m(53).
-490
Let f(o) = 8311*o - 548530. What is f(66)?
-4
Let g(p) = -717*p - 61203. Give g(-87).
1176
Let b(l) = -2*l**3 + 882*l**2 + 2583*l - 359263. Determine b(443).
10
Let i(j) = -j**3 + 469*j**2 + 776*j - 363946. Determine i(469)